.
-2
Let q = -376/3 - -126. Let l(k) be the third derivative of -3*k**2 + 0 + 1/30*k**5 + 0*k - 1/12*k**4 + q*k**3 + 1/120*k**6. What is l(-3)?
1
Let g = -6 + 6. Let v(k) = -k**2 + 1. Let w(x) = x**2 - x - 9. Suppose 0 = 5*p - 3*l + 10, -p - 2 = l + 3*l. Let s(b) = p*v(b) - w(b). Calculate s(g).
7
Let g(z) = -z**2 + 2*z + 1. Suppose -3*q + 3*f = 6, -4 = 3*q - q + 2*f. Calculate g(q).
-7
Suppose -2*d + 7 = g, 0 = g - 0*g - d + 2. Let p(x) = 8*x + 2 - g - 3*x + 0. Determine p(1).
6
Let j(g) = 3*g - 3. Let k be j(2). Let c = k + -6. Let z(n) = n**3 + 4*n**2 + 2*n - 1. Determine z(c).
2
Suppose 5*x + 0 = -15. Let p(a) = 2*a + 0 + 0*a + 1 - a**2. Give p(x).
-14
Suppose -w + 5*w = 4. Let g(o) = 11*o - 3. Let t(l) = 34*l - 10. Let q(h) = -10*g(h) + 3*t(h). What is q(w)?
-8
Let u(j) = j**3 - 28 + 15 - j + 14. Calculate u(1).
1
Suppose -13 = j + 4*a, 5*a = 5*j - 41 + 6. Let b(l) = 2*l - 1 + j - 3. Determine b(-5).
-11
Let a(q) = -5 + 2 - 1 + q**2 + 0. Give a(3).
5
Let j(p) = -p - 10. Let m be 245/(-20) + 3/(-4). Calculate j(m).
3
Suppose 3*h - 6*c + 213 = -3*c, -5*c = h + 65. Let j be 300/h + 2/7. Let r(g) be the first derivative of -g**2/2 + 3*g - 1. Determine r(j).
7
Let q be (2/(-3))/((-4)/18). Let f be (q - 6) + 1 + 2. Let y be (-1)/(-2)*(f - 0). Let o(w) = -w**3 + w**2 - 11. What is o(y)?
-11
Let s(z) be the second derivative of -z**3/6 + z**2/2 - 3*z + 7. Give s(2).
-1
Let f be -1 + 4 - (-4)/(-2). Let l(q) = -1 - 8*q**3 - 2*q + 2 + q + q**2. Calculate l(f).
-7
Let l(i) = 4 - i + 9 - 4. Calculate l(5).
4
Let f(l) be the third derivative of l**5/30 - l**4/24 + l**3/6 + 11*l**2. Give f(1).
2
Let c(g) = -6*g - 1. Let k(u) = 13*u + 2. Let f(d) = -9*c(d) - 4*k(d). Give f(-3).
-5
Suppose 0 = 6*a - 5*a. Let o(j) = -j**3 + j**2 + 3. What is o(a)?
3
Suppose y + 3 - 7 = 0. Let g(k) = -2*k - 6. Let j be g(-4). Suppose 0 = i - y + j. Let q(m) = -4*m**2 + 2*m. Determine q(i).
-12
Let r(c) = -c**3 + 2*c**2 - 3*c + 2. Let w be r(2). Let t = 4 + w. Let v(d) = -d + 8. Calculate v(t).
8
Let a(l) = -8*l - 1. Let v = 0 + -1. Let k(f) = -f**3 + 2*f**2 - 3*f - 1. Let r(b) = -b**2 + b. Let n(q) = -k(q) - 2*r(q). Let i be n(v). What is a(i)?
7
Let k(a) = 0*a - 9 - a - 2. Let i be k(-11). Suppose -2 = l - i. Let u(b) = -b**3 - 3*b**2 + 2. Give u(l).
-2
Let d(t) = -5*t**2 - 12*t + 6. Let l(n) = 9*n**2 + 23*n - 11. Let c(k) = -11*k**2 - k + 1. Let o be c(1). Let u(m) = o*d(m) - 6*l(m). Calculate u(6).
0
Suppose -4*s + 21 - 1 = 0. Let r(b) be the third derivative of -1/24*b**4 + 0*b - 1/120*b**6 + 5/6*b**3 + 0 + 1/12*b**s + 4*b**2. What is r(5)?
0
Let t(m) = 3*m**3 + 13*m**2 + 8*m - 5. Let g(k) = -k**3 - 6*k**2 - 4*k + 2. Let o(n) = 5*g(n) + 2*t(n). Let p be (-4)/6 - 34/(-6). Give o(p).
5
Let m(j) = 2*j + 9. Suppose -3*u = -2*u + 6. Give m(u).
-3
Suppose 3*z - 7 = -0*t + 2*t, -4*z + t = -11. Let j(q) = q. Determine j(z).
3
Suppose 5*j - c + 19 = 6, 3 = j - 3*c. Let l(u) = -8*u - 2. Give l(j).
22
Let y(g) = -2*g + 8. Suppose -4*p = 5*m - 19, 4*m + 3 + 19 = 3*p. Give y(p).
-4
Let g(s) be the second derivative of -2*s + 0 + 7/6*s**3 - 1/24*s**4 - s**2. Let h(v) be the first derivative of g(v). Give h(5).
2
Let v(h) = 3 + 8*h**3 - 2 - 9*h**3. Determine v(2).
-7
Let m(r) = -r + 2. Let k be (3 + 2)/10*(-20)/(-2). What is m(k)?
-3
Let m(n) = n**2 - 2*n - 2. Suppose 0*f - 2 = -f. Let i be f/(-1) + 12/2. Determine m(i).
6
Let x(g) be the third derivative of 2*g**5/15 - g**4/24 + 8*g**2. What is x(1)?
7
Let w(n) = -n - 6. Let f be w(-5). Let v be (f - 3) + 2/(-2). Let q(p) = p**3 + 5*p**2 - p - 5. Determine q(v).
0
Let b = -2 - 2. Let x be 4/1 + 8/b. Let i(a) = -a**3 + a**2 + 3*a - 2. Let u be i(x). Let g(q) = -q - 1. What is g(u)?
-1
Suppose -4*k + 1 + 11 = 0. Let b(o) = -7*o - 3. Let a(g) = -g - 1. Let t(v) = 4*a(v) - b(v). Determine t(k).
8
Let h(o) = -o**3 + 6*o**2 + 7*o - 4. Let t be 1*(-28)/(-8)*2. Determine h(t).
-4
Let f(c) = -5*c**3 - 15*c**2 - 3*c - 11. Let k(t) = 3*t**3 + 8*t**2 + 2*t + 6. Let d(s) = 4*f(s) + 7*k(s). Determine d(4).
6
Let g(q) = 3*q - 4. Let n(y) be the third derivative of y**4/12 - y**3/3 - y**2. Let p be n(2). Let t be 2*(2 + -1) + p. Give g(t).
8
Let m(l) = 6*l - 1. Let t(b) = -4*b - 2. Let c(u) = -9*u - 3. Let k(p) = 3*c(p) - 5*t(p). Let y(s) = 5*k(s) + 6*m(s). Determine y(3).
2
Let p(j) = 6*j - 4*j**3 - j**3 + 4*j**3 + 4*j**2 + 2*j**2. Determine p(7).
-7
Let f be 0 - (-1 - -6)*-2. Suppose -4*u + f = g - u, -2*g - 3*u = -11. Suppose 3 = -w + g. Let p(o) = 2*o - 1. Determine p(w).
-5
Let a(s) = -7*s - 11. Let c be a(0). Let x(j) = -j**2 - 11*j - 9. Calculate x(c).
-9
Let l(j) = -4*j - 3*j - 2 + 1 + j**2 + 0. Determine l(7).
-1
Let u(k) = k**2 - 4*k + 14. Let v(f) = f**2 - 5*f + 15. Let z(w) = 6*u(w) - 5*v(w). Let l be z(0). Suppose 4*d - l = 3. Let n(r) = 3*r + 3. What is n(d)?
12
Let a(x) = 0*x**2 - x**3 - 5 + 3*x**2 + 8*x**2 - 5*x**2. Calculate a(6).
-5
Let m(u) = u**3 - u**2. Let x(g) = g**3 + 7*g**2 + 6*g + 3. Let s be x(-6). Let p be (-1)/(-1*(2 - s)). Calculate m(p).
-2
Let o(u) = -2 - 34*u**2 - 1 - u + 35*u**2. Suppose 2*k = -0*k. Determine o(k).
-3
Let g(p) = 1. Let a(b) = -b - 21. Let u(l) = a(l) + 6*g(l). Calculate u(-7).
-8
Let v(t) = 8*t**2 + 7*t - 4. Suppose 2*p - 3*g + 13 = 0, 4*p + 2*g - 13 - 1 = 0. Let l(x) = x**2 + x - 1. Let m(w) = p*v(w) - 5*l(w). What is m(-1)?
2
Let a(h) = h - 4. Let q = 69 - 66. Determine a(q).
-1
Let k(b) be the second derivative of -b**4/12 + b**3 - b**2 - 3*b. Let r be k(4). Let d(s) = -2*s + 8. What is d(r)?
-4
Let h(x) be the first derivative of -x**6/120 + x**5/30 + x**2 + 3. Let w(a) be the second derivative of h(a). Give w(3).
-9
Suppose v = -4*v - 25. Let y(z) = -6*z**2 + 5*z + 4. Let q(j) = j - 7*j + 7*j**2 - 4 + 0. Let c(d) = v*q(d) - 6*y(d). Calculate c(-3).
5
Let k(b) = 4 - 5 - 7*b - 2*b**2 + 18*b - 9*b. Determine k(2).
-5
Let h = -1 + 6. Let o(t) = -t. Determine o(h).
-5
Let j(p) = -p + 2 + 3*p**2 - 5*p**2 + p**2. Suppose -4*r - 6 = -2*k, 5*r + 2 = 2*k - 3. Let m be (r/((-3)/(-12)))/(-2). Give j(m).
0
Suppose 17 = 4*l - 11. Let q(m) = -12*m - 16. Let f(u) = -8*u - 11. Let h(v) = l*f(v) - 5*q(v). Give h(-4).
-13
Let g(o) = -3*o + 3. Suppose n + 7 = 2*q - 3*q, -q + 2*n = -2. Determine g(q).
15
Let y(h) = 2*h**3 + 4*h**2 + 3*h. Suppose -2*u = -v - 2, 3*v = -u - 4*u - 6. Calculate y(v).
-6
Let l(h) be the third derivative of h**5/20 + h**4/12 - h**3/3 - 8*h**2. What is l(-3)?
19
Let q(u) = -u + 2*u**2 + 24 - 3*u**2 - 29. Suppose 0 = -d + 3*d - 6. Let s(n) = -2*n**2 - n - 6. Let j(l) = d*s(l) - 4*q(l). Give j(2).
-4
Let q(r) = -2*r**2 + 2*r + 3. Let u be (-7 + 4)*2/(-2). Suppose b = u - 0. Give q(b).
-9
Suppose 4*n + 2*w - 14 = 0, 4*w = -4*n + 2*n + 10. Let b(g) = -33*g + 4 + 3*g**2 - g**n + 33*g. Give b(3).
4
Let m(i) = -3*i + 2 + 4*i + 0. Let j be 2/((-4)/(-6) - 0). Give m(j).
5
Suppose 9*d - 4*d + 5 = 0. Let g(j) be the second derivative of j**4/4 - j**3/6 - j**2/2 + j. Give g(d).
3
Let v(o) = o**2 - 6*o. Let d be v(6). Suppose d*x = x. Let g(s) = s**3 + s**2 + 3. Calculate g(x).
3
Let k(d) = -2*d**2 + 2*d - 3. Let s(c) = -3*c**2 + c**2 + 5*c - 7 - 3*c**2. Let t(v) = -7*k(v) + 3*s(v). Determine t(0).
0
Let x = -86 + 87. Let u(d) = -7*d**2 + 5*d - 3. Suppose 0 = -2*y + 9 + 5. Let g(s) = 11*s**2 - 7*s + 4. Let c(i) = y*u(i) + 5*g(i). Calculate c(x).
5
Let g(k) = k**3 - 5*k**2 - 1. Let m be g(5). Let z(y) = 0*y + y**2 + 0*y + 4*y - 3*y. Let p(x) = 3*x**2 + 8*x + 4. Let f(a) = m*p(a) + 4*z(a). Give f(5).
1
Let q(z) = -15*z + 1. Let r(k) = -7*k + 1. Let w(g) = -6*q(g) + 13*r(g). Suppose 0 = 3*u + 3*o, -3*u + 3*o + 36 = 6. Calculate w(u).
2
Let s(x) = -x**3 - 5*x**2 + 6*x + 1. Let u(t) = -t**2 + 8*t + 5. Let w be u(8). Suppose 12 = 3*f - w*f. Determine s(f).
1
Let a(s) = -6*s + 5. Let o(d) = -5*d + 4. Let c(n) = 3*a(n) - 4*o(n). Suppose 4*u + 3 = u. Let l = 5 + u. Calculate c(l).
7
Let k(i) = -2*i**2 + 2 - 2 + 3 - 1. What is k(-2)?
-6
Let q(u) = u**3 + 9*u**2 - 10*u + 6. Let m be q(-10). Let j(g) = g**2 - 5*g - 5. Give j(m).
1
Let g(d) = -d**3 + 2*d**2 + 5*d - 4. Let j be -5*(1 + 57/(-15)). Suppose 3*b - j = 31. Suppose -4*q + b = q. Give g(q).
2
Let w(b) be the third derivative of b**5/60 + b**4/8 + b**3/2 + 2*b**2. Let s = -30 + 15. Let r be s/9 - (-2)/(-6). Calculate w(r).
1
Let f(j) = -j**2 + 4*j - 2.